(-8)/(-6))/(5 + 365/(-75)). Let c = 72 - s. List the prime factors of c.
2, 31
Let u be 28/(-6)*42/(-28). Suppose 0 = -u*i + 8*i - 4. Suppose 2*f = i*o - 26 - 200, -o = 2*f - 69. What are the prime factors of o?
59
Suppose 8*d + c + 4905 = 12*d, 4*c - 4880 = -4*d. List the prime factors of d.
5, 7
Let w = 7 + -4. Suppose -4*i = -2*h + 36, w*h + i = 4*h - 20. List the prime factors of h.
2, 11
What are the prime factors of (-12)/16 - (-36057)/28?
3, 11, 13
Let b be ((-442)/(-6))/(1/3). Let d = 312 - b. List the prime factors of d.
7, 13
Suppose 4*t = 4*k + 648, -5*t - 2*k - 181 = -970. What are the prime factors of t?
3, 53
What are the prime factors of 4 - (-156)/(-48) - (-1218)/8?
3, 17
Suppose 3*b = 5*q + 21, 7 + 3 = -b - 4*q. Suppose b*p - 57 = 37. What are the prime factors of p?
47
Let k be ((-10)/10)/(((-1)/(-1))/(-5)). Suppose -3*v + 20 = v, -k*q - 4*v = -515. What are the prime factors of q?
3, 11
Suppose 712 = 6*i - 206. List the prime factors of i.
3, 17
Let s(y) = y**3 - 12*y**2 + 35*y + 71. What are the prime factors of s(17)?
2111
Let v(z) = -11*z + 25. Let u(g) = 6*g - 13. Let r(j) = 7*u(j) + 4*v(j). Let x be r(-9). Let p = x - -1. What are the prime factors of p?
2, 7
Let y be ((-60)/(-9))/(8/12). Suppose y*z = 11*z - 2. List the prime factors of z.
2
Let i = -29 - -17. Let k = i + 47. What are the prime factors of k?
5, 7
Let m be (-1124)/(-10) + 4/(-10). Suppose 4*b - m = -2*v, 0*b - 254 = -4*v + 2*b. Suppose -4*y = -2*y - v. What are the prime factors of y?
31
Let d(b) = -142*b + 8. What are the prime factors of d(-1)?
2, 3, 5
Suppose -139 = -2*d + 365. List the prime factors of 4/6*d/8.
3, 7
Let z = 2686 + -920. What are the prime factors of z?
2, 883
Let a(d) = -85*d - 651. List the prime factors of a(-22).
23, 53
Suppose -19*m + 8932 = -5*m. What are the prime factors of m?
2, 11, 29
Let y(r) = -4*r + 7. Let p(b) = -3*b - 3. Let j be p(-5). Suppose j = x - 3*x. What are the prime factors of y(x)?
31
Let b(t) = 7*t - 5*t + 4*t + 3*t - 16. List the prime factors of b(12).
2, 23
Suppose -7*v - 4 = -8*v. Suppose -v*f = -3*k - 679, 5*f - k + 0*k - 857 = 0. What are the prime factors of f?
2, 43
Suppose 40 = 3*v - 4*f, 4*f - 25 = -v + 3*f. Suppose -6*c = -5*x - c + v, 5*x - 20 = c. Suppose -6*z + x*z = -140. What are the prime factors of z?
2, 5, 7
Suppose 0 = 134*n - 157*n + 75417. List the prime factors of n.
3, 1093
Let i(j) = -5*j - 59. Let d be i(-12). Let c(l) = 117*l**2 + 2*l - 2. What are the prime factors of c(d)?
3, 13
Let c = 33 - 31. Suppose -2*p = -0*p + 4*x - 134, 0 = -c*x - 4. What are the prime factors of p?
71
Let z(l) = -124*l**3 + 2*l**2 - l - 2. Let u be z(-1). Suppose 1 = -2*g + u. Suppose -g = -3*j + 5*w - 2, -3*j + 36 = 3*w. What are the prime factors of j?
3, 5
Suppose 0 = 3*n + 3, 12*q + 3*n - 1880 = 11*q. List the prime factors of q.
7, 269
Suppose 4*v + 37 = n, -n = -3*v - 0*n - 29. Let x be (-6)/v - (-245)/(-28). List the prime factors of x/14 - (-3000)/56.
53
Let z(g) = g**3 + 5*g**2 + 4*g + 5. Let l = 1 + -13. Let v be 32/l*(-3)/(-2). List the prime factors of z(v).
5
What are the prime factors of (1 - (-2 - -7))*(-13930)/56?
5, 199
Let a(p) = -3*p**3 + 5*p**2 - 34*p - 7. What are the prime factors of a(-8)?
3, 7, 101
Suppose 5 = -5*w + 5*m, -w + m - 7 = -3*w. List the prime factors of w - -4*3/6.
2
Let i(v) = -v**3 - 34*v**2 + 15*v - 5. What are the prime factors of i(-36)?
23, 89
Let b(y) = y**3 - 3*y + 5. Let g = 18 + -14. Let l be b(g). Suppose -5*s + 65 = -2*j, -4*s - 8 = -j - l. What are the prime factors of s?
11
Let s = -4231 + 8302. List the prime factors of s.
3, 23, 59
Suppose 0 = -v - 0*i - i - 19, -33 = 2*v + 3*i. Let m = 40 + v. What are the prime factors of m?
2
Suppose 3*h + 2*d - 5 - 5 = 0, 5 = -2*h + d. Suppose -2*i + 0 + 4 = h. What are the prime factors of i?
2
Suppose 180 = -3*w + 7*w. Suppose -3*a + 3*g + w = 0, 0 = -a + 3*g + g + 9. Let b = -12 + a. What are the prime factors of b?
5
Suppose z = -2*g + 10, 7*g - 2*g = 3*z + 14. Let o = -38 + 48. Suppose -h - 142 = -5*k, g*h - 2 = o. What are the prime factors of k?
29
Let m(t) = 23*t + 867. What are the prime factors of m(0)?
3, 17
Suppose -3*v = -4*v. Let h(n) = n**3 - n**2 + 2*n + 55. List the prime factors of h(v).
5, 11
Let z(r) = r**2 - 9*r - 5. Let w be z(9). Let y = 7 + w. Suppose -y*b + 235 = 3*b. What are the prime factors of b?
47
Suppose -5*m - r = -5160, -3*m - 3*r + 464 = -2632. List the prime factors of m.
2, 3, 43
Let t = 368 + -293. What are the prime factors of t?
3, 5
Let p = -488 - -2610. List the prime factors of p.
2, 1061
Suppose -3*y + 5*i + 5634 = 0, -8*i = -3*y - 10*i + 5634. List the prime factors of y.
2, 3, 313
Suppose 4*r + 0*r + v = 12, -2*v = -r - 6. List the prime factors of (r - 15/9)/(4/192).
2
Let h(d) = d**3 - 5*d**2 + d - 4. Let l be h(5). Let z be (-15)/25*-5*l. Suppose -5*q - 3*t + 66 = 0, z*t + 42 = -0*q + 4*q. List the prime factors of q.
2, 3
Let t be 4 - ((-4)/(-26) + (-8884)/(-52)). Let u = 444 + t. What are the prime factors of u?
277
Suppose -4*y - 4690 = -5*t, -5*t + 2*y - 1894 = -7*t. What are the prime factors of t?
2, 3, 157
Let f(n) = 34*n**2 - 7*n + 6. Let j be f(-4). What are the prime factors of 22/33 + j/6?
97
Let d(k) be the first derivative of -k**4/2 + 4*k**3/3 - k**2 + k - 6. Let h be d(3). Let l = -13 - h. List the prime factors of l.
2, 5
Let w(z) = -z**3 - 2*z**2 + z - 5. Suppose 4*x = -3*p + 7*p - 36, -22 = 3*x - 2*p. Let r be w(x). Let h = 24 + r. List the prime factors of h.
47
Suppose 5*n = 4*j + 72, -4*j = -4 + 16. Let k be (2 - -5)*n/14. Suppose -3*a - 66 = -k*a. List the prime factors of a.
2, 11
Let p(k) = 19*k**2 - 41*k - 54. List the prime factors of p(14).
2, 3, 43
Let r(n) = n**3 - 4*n**2 + 2*n - 7. Let m be r(4). List the prime factors of m - (2 + 107/(-1)).
2, 53
Let v(w) = -4*w**3 - 5*w**2 - 3*w - 3. Suppose -14 - 6 = 5*y. Let a be v(y). Suppose 7*c - a = 2*c. What are the prime factors of c?
37
Let p be 12/(2/(-2) - -2). Suppose 0 = -2*y + p - 4. Suppose -3*s + 4*d = -72, 96 = y*s - 3*d - d. List the prime factors of s.
2, 3
What are the prime factors of (-19)/(38/(-2430)) - -10?
5, 7
What are the prime factors of 3030*((-6)/(-4) - 1)?
3, 5, 101
Let a be (-9)/((-2)/(-12)*(-5)/(-345)). List the prime factors of a/(-36) + (-1)/(-2).
2, 13
Let c be 55/(-10) - 1/(-2). Let i = c + 7. Suppose -i*z - z - p = -98, -z - 2*p + 31 = 0. List the prime factors of z.
3, 11
Suppose -5*w + 171 = 4*h, 0 = -5*w + 6 - 11. What are the prime factors of h?
2, 11
Let p = 10 - 23. Let x = 12 + p. What are the prime factors of ((-615)/30)/(x/2)?
41
Suppose 5*p + 2626 = 4*o - 9039, 0 = 5*o - 2*p - 14594. What are the prime factors of o?
2, 5, 73
Let x be (-3)/(-1 - -4)*-2. Suppose -8 = x*r - 3*k, -3*k - 2*k - 4 = r. List the prime factors of (-2)/4 + (-74)/r.
2, 3
Let h(u) = -u**2 - 2*u + 17. Let b be (-4)/((-8)/6) - -3. Let z be h(b). Let d = 45 + z. List the prime factors of d.
2, 7
Let n(f) = -f**2 + 19*f + 14. Let d be n(19). Let p = d - 8. Suppose 5*w - p = -26, -3*a - w = -26. What are the prime factors of a?
2, 5
Suppose -v + 1252 = 2*w, 165*v - 4*w - 3716 = 162*v. What are the prime factors of v?
2, 311
Let c(p) = 87*p + 16. What are the prime factors of c(1)?
103
Suppose -58*o = -290338 + 43722. What are the prime factors of o?
2, 1063
Suppose -15*f + 24*f = 92160. What are the prime factors of f/56 + (-2)/(-14)?
3, 61
List the prime factors of (-10634)/(-18) - 14/(-63).
3, 197
Suppose 5*v = -41 - 44. Let r = v - -26. What are the prime factors of r?
3
Let y be 4/(-14) + 280/(-49). Let n be (0/(-2))/(-5 - y). Suppose n*m - 3*r - 30 = -m, m = -r + 22. What are the prime factors of m?
2, 3
Suppose -6*i + 27 = -3*i. Suppose 41 = d - i. What are the prime factors of d?
2, 5
Let p(w) = 0*w**2 + 8 - 11 + w**2 - 4*w. List the prime factors of p(-4).
29
Suppose -10620 = -51*b + 39*b. What are the prime factors of b?
3, 5, 59
Let k be 2/3 - (-207)/(-27). Let y be k/35 - (-102)/10. What are the prime factors of 288/y + 1/5?
29
Let q = -1406 + 2289. List the prime factors of q.
883
Let n(u) = u**2 + 16*u - 66. Let y be n(-14). Let z = 23 - y. List the prime factors of z.
3, 13
Let p be (-283)/(-4) + 3/12. Suppose 292 = -p*m + 73*m. List the prime factors of m.
2, 73
Let r